{"id":18,"date":"2015-06-16T10:59:49","date_gmt":"2015-06-16T09:59:49","guid":{"rendered":"http:\/\/yann-gobert-sergent.com\/?page_id=18"},"modified":"2024-07-31T13:56:29","modified_gmt":"2024-07-31T12:56:29","slug":"001-2","status":"publish","type":"page","link":"https:\/\/yann-gobert-sergent.com\/index.php\/001-2\/","title":{"rendered":"L&rsquo;Art de la mer"},"content":{"rendered":"<p style=\"text-align: center;\"><strong>Vie et \u0153uvre des artistes de la C\u00f4te d&rsquo;Opale <\/strong><\/p>\n<p style=\"text-align: center;\"><strong>(1850-1950)<\/strong><\/p>\n<p style=\"text-align: center;\">\n<ul>\n<li><i><em>Femmes artistes de la C\u00f4te d&rsquo;Opale (1880-1930), ouvrage collectif, D\u00e9partement du Pas-de-Calais, \u00e9ditions Invenit, Lille, juin 2024, 96 pages.<\/em><\/i><\/li>\n<li><i>Virginie Demont-Breton et la Premi\u00e8re guerre mondiale &#8211; Le temps des \u00e9preuves<\/i>, Cahiers du Patrimoine Boulonnais, n\u00b0 89, juin 2024.<\/li>\n<li><i><em>Eug\u00e8ne Chigot &#8211; peintre de la C\u00f4te d&rsquo;Opale, <\/em><\/i>ouvrage collectif, D\u00e9partement du Pas-de-Calais, \u00e9ditions Invenit, Lille, juin 2023, 95 pages.<\/li>\n<li><i><em>Georges Ricard-Cordingley\u00a0 (1873-1939), vie et\u00a0<\/em>\u0153uvre,<\/i> Cahiers du Patrimoine Boulonnais, n\u00b0 87, juin 2023, pp. 2-9.<\/li>\n<li><i>L&rsquo;enfance au long des si\u00e8cles dans les Hauts-de-France<\/i>, ouvrage collectif,\u00a0Cercle d&rsquo;Etudes en Pays Boulonnais,\u00a0Boulogne,\u00a02023, 236 pages.<\/li>\n<li><i>Fernand Sti\u00e9venart et Juliette de Reul &#8211; couple d&rsquo;artistes de l&rsquo;Ecole de Wissant<\/i>, ouvrage collectif, D\u00e9partement du Pas-de-Calais, \u00e9ditions Invenit, Lille, juin 2022, 80 pages.<\/li>\n<li><em>Eug\u00e8ne Vail (1846-1926) peintre\u00a0am\u00e9ricain de l&rsquo;Ecole d&rsquo;Etaples,\u00a0<\/em>M\u00e9moire d\u2019Opale n\u00b0 14, \u00c9taples, d\u00e9cembre 2022, pp. 90-98.<\/li>\n<li><em>Georges Maroniez, un peintre de marines de la C\u00f4te d&rsquo;Opale<\/em>, Cercle Historique Portelois, Le Portel, juin 2022, pp. 90-95.<\/li>\n<li><em>Les Enfants de la Mer<\/em>,\u00a0<em>Les peintres de la C\u00f4te d&rsquo;Opale,<\/em>\u00a0ouvrage collectif, D\u00e9partement du Pas-de-Calais, \u00e9ditions Invenit, octobre 2021,\u00a0 72 pages.<\/li>\n<li><em>Emile Maillard (1846-1926) un peintre de la marine \u00e0 Etaples,\u00a0 <\/em>M\u00e9moire d\u2019Opale n\u00b0 13, \u00c9taples, d\u00e9cembre 2021, pp. 59-65.<\/li>\n<li><em>Les jeunes mod\u00e8les de Virginie Demont-Breton, entre baignades et drames de la mer<\/em>,\u00a0Cahiers du Patrimoine Boulonnais, n\u00b0 84,\u00a0d\u00e9cembre\u00a02021.<\/li>\n<li><em>Le Peintre Victor Dupont ou le Triomphe de la couleur Intimiste<\/em>,\u00a0 M\u00e9moire d\u2019Opale n\u00b0 12, \u00c9taples, d\u00e9cembre 2020, pp. 60-71.<\/li>\n<li><em>Fernand Sti\u00e9venart et Juliette de Reul, Couple d\u2019artistes de l\u2019\u00c9cole de Wissant et amis des Demont-Breton,\u00a0<\/em>Cahiers du Patrimoine Boulonnais,\u00a0<abbr>n<sup>o\u00a0<\/sup><\/abbr>82, d\u00e9cembre 2020,\u00a0<abbr>pp. 13-18<\/abbr>.<\/li>\n<li><em>Intimit\u00e9(s) : Les peintres de la C\u00f4te d&rsquo;Opale<\/em>, ouvrage collectif, D\u00e9partement du Pas-de-Calais, \u00e9ditions invenit, juillet 2020, 96 pages.<\/li>\n<li><em>Virginie Demont-Breton, peintre de la mer et adepte de la d\u00e9mesure architecturale<\/em>, La Gazette du Patrimoine, page 57, avril 2020.<\/li>\n<li><em>P\u00eacheurs, V\u00e9roti\u00e8res et vues maritimes \u00e0 Le Portel \u00e0 la Belle \u00c9poque par le peintre Paul Hallez<\/em>, Cercle Historique Portelois, Le Portel, juin 2020, pp. 30-36.<\/li>\n<li><em>Le peintre Henri Rovel\u00a0 (1849-1926), Un artiste vosgien ami de Virginie Demont-Breton et d&rsquo;Adrien Demont<\/em>, Cahiers du Patrimoine Boulonnais, n\u00b0 80, 2<sup>\u00e8me<\/sup>\u00a0semestre 2019.<\/li>\n<li><em>Jules Adler (1865-1952), Regard social sur la Marine Boulonnaise au d\u00e9but du 20<sup>\u00e8me<\/sup>\u00a0si\u00e8cle<\/em>,\u00a0 M\u00e9moire d\u2019Opale n\u00b0 11, \u00c9taples, d\u00e9cembre 2019.<\/li>\n<li><em>Le th\u00e8me de l&rsquo;\u00e9pave chez les peintres naturalistes de la C\u00f4te d&rsquo;Opale \u00e0 la Belle \u00c9poque<\/em>, Cercle Historique Portelois, juin 2016, pp. 30-33.<\/li>\n<li><em>Antoine Guillemet (1841-1918), un grand peintre parisien sur les Chemins d\u2019Equihen<\/em>,\u00a0Cercle Historique Portelois, juin 2019, pp. 11-17.<\/li>\n<li><em>Promenade Intimiste dans les Dunes du Boulonnais &#8211; Jean-Charles Cazin (1841-1901)<\/em>, Cahiers du Patrimoine Boulonnais, n\u00b0 78, 2<sup>\u00e8me<\/sup>\u00a0semestre 2018, pp. 26-32.<\/li>\n<li><em>Peindre le Peuple de la Mer et les Temp\u00eates &#8211; Edmond de Pal\u00e9zieux (1850-1924)<\/em>, M\u00e9moire d&rsquo;Opale n\u00b0 10, \u00c9taples, d\u00e9cembre 2018, pp. 135-145<\/li>\n<li><em>Jean-Charles Cazin (1841-1901), ma\u00eetre intimiste des dunes et des ciels boulonnais<\/em>, Cercle Historique Portelois, juin 2018, pp. 49-55.<\/li>\n<li><em>Vision Naturaliste des Chemins Boulonnais : Henry-Arthur Bonnefoy (1839-1917)<\/em>, M\u00e9moire d&rsquo;Opale n\u00b0 9, \u00c9taples, d\u00e9cembre 2017, pp. 3-9.<\/li>\n<li><em>Victor Dupont ou le Triomphe de la Couleur Intimiste<\/em>, Cahiers du Patrimoine Boulonnais, n\u00b0 75, 1<sup>er<\/sup>\u00a0semestre 2017, pp. 8-17.<\/li>\n<li><em>Peindre la Nature \u00e0 la fin du 19\u00e8me si\u00e8cle : le Fort de l&rsquo;Heurt par Virginie Demont-Breton, \u00c9mile Maillard et Henry Bonnefoy<\/em>, Cercle Historique Portelois, juin 2015, pp. 11-17.<\/li>\n<li><em>Edmond de Pal\u00e9zieux (1850-1924) : Peintre navigateur du Boulonnais<\/em>, Cahiers du Patrimoine Boulonnais, n\u00b0 72, 2<sup>\u00e8me\u00a0<\/sup>semestre 2015, pp. 2-11.<\/li>\n<li><em>Le th\u00e8me de l&rsquo;\u00e9pave chez les peintres naturalistes de la C\u00f4te d&rsquo;Opale \u00e0 la Belle \u00c9poque<\/em>, Cercle Historique Portelois, juin 2016, pp. 30-33.<\/li>\n<li><em>Victor Dupont ou le Triomphe de la Couleur Intimiste<\/em>, Cahiers du Patrimoine Boulonnais, n\u00b0 75, 1<sup>er<\/sup>\u00a0semestre 2017, pp. 8-17.<\/li>\n<li><em>Vision Naturaliste des Chemins Boulonnais : Henry-Arthur Bonnefoy (1839-1917)<\/em>, M\u00e9moire d&rsquo;Opale n\u00b0 9, \u00c9taples, d\u00e9cembre 2017, pp. 3-9.<\/li>\n<li><em>Le peintre Victor Dupont (1873-1941) &#8211; Un Boulonnais parmi les Fauves<\/em>, Arras, Bulletin de la Commission D\u00e9partementale d&rsquo;Histoire et d&rsquo;Arch\u00e9ologie du Pas-de-Calais, tome n\u00b0 19, octobre 2012, pp. 55 \u00e0 77.<\/li>\n<li><em>De la couleur des quais boulonnais\u00a0: le peintre Georges Griois (1872-1944)<\/em>, Cahiers du Patrimoine Boulonnais, n\u00b0 66, 2<sup>\u00e8me<\/sup>\u00a0semestre 2012, pp. 21-28.<\/li>\n<li><em>Vision naturaliste de la Marine Boulonnaise par le peintre Paul Hallez (1872-1965)<\/em>, Cahiers du Patrimoine Boulonnais, n\u00b0 68, 2<sup>\u00e8me<\/sup>\u00a0semestre 2013, pp. 29-38.<\/li>\n<li><i>Visages de Terre et de Mer &#8211; Regards de peintres \u00e0 Wissant \u00e0 la fin du 19\u00e8 si\u00e8cle<\/i>, ouvrage collectif, Mich\u00e8le Moyne-Charlet, Anne Esnault, Annette Bourrut Lacouture, Yann Gobert-Sergent, \u00e9dition du Pas-de-Calais, SilvanaEditoriale, ao\u00fbt 2014, 135 p.<\/li>\n<li><em>Ma\u00eetriser le feu et exalter la couleur : l\u2019\u0153uvre c\u00e9ramique de Vicente Gil Franco<\/em>, Cahiers du Patrimoine Boulonnais, n\u00b0 70, 2<sup>\u00e8me<\/sup>\u00a0semestre 2014, pp. 7-14.<\/li>\n<li><em>Eug\u00e8ne Blot (1830-1899)\u00a0: un statuaire de g\u00e9nie au service des marins boulonnais<\/em>, Cahiers du Vieux Boulogne, n\u00b0 61, 1<sup>er<\/sup>\u00a0semestre 2010, pp. 21-25.<\/li>\n<li><em>Henry-Arthur Bonnefoy (1839-1917), peintre paysagiste et animalier boulonnais<\/em>, Cahiers du Patrimoine Boulonnais, n\u00b0 64, 2<sup>\u00e8me<\/sup>\u00a0semestre 2011, pp. 16-22.<\/li>\n<li><em>Virginie Demont-Breton (1859-1935), Peintre et t\u00e9moin de la vie des marins de la C\u00f4te d&rsquo;Opale<\/em>, Boulogne-sur-mer, Revue Boulogne et la Mer, n\u00b0 14, juillet 2008, pp. 4-7.<\/li>\n<li><span id=\"Gobert-Sergent2008\" class=\"ouvrage\"><span id=\"Yann_Gobert-Sergent2008\" class=\"ouvrage\"><cite class=\"italique\">Georges Maroniez, Parcours pictural autour de la C\u00f4te d&rsquo;Opale<\/cite>, Boulogne-sur-mer, Revue Boulogne et la Mer, n\u00b0 15,\u200e <time class=\"nowrap\" datetime=\"2008-10\">octobre 2008.\u00a0<\/time><\/span><\/span><\/li>\n<li><em>Victor Dupont (1873-1941), un Boulonnais parmi les Fauves<\/em>, Cahiers du Vieux Boulogne, n\u00b0 59, 1<sup>er<\/sup> semestre 2009, pp. 2-7.<\/li>\n<\/ul>\n<p>&nbsp;<\/p>\n<figure id=\"attachment_47\" aria-describedby=\"caption-attachment-47\" style=\"width: 1000px\" class=\"wp-caption alignnone\"><a href=\"http:\/\/yann-gobert-sergent.com\/wp-content\/uploads\/2015\/06\/003.jpg\"><img loading=\"lazy\" decoding=\"async\" class=\"size-full wp-image-47\" src=\"http:\/\/yann-gobert-sergent.com\/wp-content\/uploads\/2015\/06\/003.jpg\" alt=\"Enfant sur la Plage \u00e0 Wissant par Virginie Demont-Breton, huile sur panneau, 1890, collection Yann Gobert-Sergent.\" width=\"1000\" height=\"778\" \/><\/a><figcaption id=\"caption-attachment-47\" class=\"wp-caption-text\">\u00ab\u00a0Enfant sur la Plage \u00e0 Wissant\u00a0\u00bb &#8211; Virginie Demont-Breton, 1890 &#8211; coll. Yann Gobert-Sergent (tous droits r\u00e9serv\u00e9s).<\/figcaption><\/figure>\n","protected":false},"excerpt":{"rendered":"<p>Vie et \u0153uvre des artistes de la C\u00f4te d&rsquo;Opale (1850-1950) Femmes artistes de la C\u00f4te d&rsquo;Opale (1880-1930), ouvrage collectif, D\u00e9partement du Pas-de-Calais, \u00e9ditions Invenit, Lille, juin 2024, 96 pages. Virginie Demont-Breton et la Premi\u00e8re guerre mondiale &#8211; Le temps des \u00e9preuves, Cahiers du Patrimoine Boulonnais, n\u00b0 89, juin 2024. Eug\u00e8ne Chigot &#8211; peintre de la &hellip; <a href=\"https:\/\/yann-gobert-sergent.com\/index.php\/001-2\/\" class=\"more-link\">Continuer la lecture de <span class=\"screen-reader-text\">L&rsquo;Art de la mer<\/span> <span class=\"meta-nav\">&rarr;<\/span><\/a><\/p>\n","protected":false},"author":1,"featured_media":0,"parent":0,"menu_order":0,"comment_status":"open","ping_status":"open","template":"","meta":{"footnotes":""},"class_list":["post-18","page","type-page","status-publish","hentry"],"_links":{"self":[{"href":"https:\/\/yann-gobert-sergent.com\/index.php\/wp-json\/wp\/v2\/pages\/18","targetHints":{"allow":["GET"]}}],"collection":[{"href":"https:\/\/yann-gobert-sergent.com\/index.php\/wp-json\/wp\/v2\/pages"}],"about":[{"href":"https:\/\/yann-gobert-sergent.com\/index.php\/wp-json\/wp\/v2\/types\/page"}],"author":[{"embeddable":true,"href":"https:\/\/yann-gobert-sergent.com\/index.php\/wp-json\/wp\/v2\/users\/1"}],"replies":[{"embeddable":true,"href":"https:\/\/yann-gobert-sergent.com\/index.php\/wp-json\/wp\/v2\/comments?post=18"}],"version-history":[{"count":51,"href":"https:\/\/yann-gobert-sergent.com\/index.php\/wp-json\/wp\/v2\/pages\/18\/revisions"}],"predecessor-version":[{"id":223,"href":"https:\/\/yann-gobert-sergent.com\/index.php\/wp-json\/wp\/v2\/pages\/18\/revisions\/223"}],"wp:attachment":[{"href":"https:\/\/yann-gobert-sergent.com\/index.php\/wp-json\/wp\/v2\/media?parent=18"}],"curies":[{"name":"wp","href":"https:\/\/api.w.org\/{rel}","templated":true}]}}