{"id":148,"date":"2021-10-26T20:55:53","date_gmt":"2021-10-26T19:55:53","guid":{"rendered":"http:\/\/yann-gobert-sergent.com\/?page_id=148"},"modified":"2024-06-19T17:56:44","modified_gmt":"2024-06-19T16:56:44","slug":"expositions","status":"publish","type":"page","link":"https:\/\/yann-gobert-sergent.com\/index.php\/expositions\/","title":{"rendered":"Expositions"},"content":{"rendered":"<p style=\"text-align: center;\"><strong>Expositions\u00a0et\u00a0<\/strong><b>commissariats<\/b><\/p>\n<ul>\n<li><em>Les femmes artistes de la C\u00f4te d&rsquo;Opale (1880-1930)<\/em> &#8211;\u00a0Maison du Port d\u00e9partemental, Etaples-sur-mer, D\u00e9partement du Pas-de-Calais,\u00a0\u00a0du 29 juin au 17 novembre 2024\u00a0 : <strong>commissaire g\u00e9n\u00e9ral<\/strong>.<\/li>\n<\/ul>\n<p><a href=\"http:\/\/yann-gobert-sergent.com\/wp-content\/uploads\/2021\/10\/affcihe.jpg\"><img loading=\"lazy\" decoding=\"async\" class=\"  wp-image-218 aligncenter\" src=\"http:\/\/yann-gobert-sergent.com\/wp-content\/uploads\/2021\/10\/affcihe.jpg\" alt=\"affcihe\" width=\"209\" height=\"311\" srcset=\"https:\/\/yann-gobert-sergent.com\/wp-content\/uploads\/2021\/10\/affcihe.jpg 567w, https:\/\/yann-gobert-sergent.com\/wp-content\/uploads\/2021\/10\/affcihe-202x300.jpg 202w\" sizes=\"auto, (max-width: 209px) 100vw, 209px\" \/><\/a><\/p>\n<ul>\n<li><em>Eug\u00e8ne Chigot &#8211; peintre de la C\u00f4te d&rsquo;Opale,\u00a0<\/em>Maison du Port, Etaples-sur-mer, D\u00e9partement du Pas-de-Calais,\u00a0\u00a0du 24 juin au 31 d\u00e9cembre 2023 : <strong>r\u00e9dacteur et conseiller scientifique<\/strong>.<\/li>\n<\/ul>\n<p><a href=\"http:\/\/yann-gobert-sergent.com\/wp-content\/uploads\/2021\/10\/a3-chigot-hd-scaled-530x720.jpg\"><img loading=\"lazy\" decoding=\"async\" class=\"  wp-image-214 aligncenter\" src=\"http:\/\/yann-gobert-sergent.com\/wp-content\/uploads\/2021\/10\/a3-chigot-hd-scaled-530x720.jpg\" alt=\"a3-chigot-hd-scaled-530x720\" width=\"213\" height=\"289\" srcset=\"https:\/\/yann-gobert-sergent.com\/wp-content\/uploads\/2021\/10\/a3-chigot-hd-scaled-530x720.jpg 530w, https:\/\/yann-gobert-sergent.com\/wp-content\/uploads\/2021\/10\/a3-chigot-hd-scaled-530x720-221x300.jpg 221w\" sizes=\"auto, (max-width: 213px) 100vw, 213px\" \/><\/a><\/p>\n<ul>\n<li><em>Fernand Sti\u00e9venart et Juliette de Reul, couple d&rsquo;artistes de l&rsquo;Ecole de Wissant<\/em>,\u00a0Maison du Port, Etaples-sur-mer, D\u00e9partement du Pas-de-Calais,\u00a0\u00a0du 25 juin au 27 novembre 2022 : <strong>r\u00e9dacteur et conseiller scientifique<\/strong>.<\/li>\n<\/ul>\n<p><a href=\"http:\/\/yann-gobert-sergent.com\/wp-content\/uploads\/2021\/10\/affiche-sti\u00e9venart.jpg\"><img loading=\"lazy\" decoding=\"async\" class=\"  wp-image-178 aligncenter\" src=\"http:\/\/yann-gobert-sergent.com\/wp-content\/uploads\/2021\/10\/affiche-sti\u00e9venart-212x300.jpg\" alt=\"affiche sti\u00e9venart\" width=\"213\" height=\"301\" srcset=\"https:\/\/yann-gobert-sergent.com\/wp-content\/uploads\/2021\/10\/affiche-sti\u00e9venart-212x300.jpg 212w, https:\/\/yann-gobert-sergent.com\/wp-content\/uploads\/2021\/10\/affiche-sti\u00e9venart.jpg 559w\" sizes=\"auto, (max-width: 213px) 100vw, 213px\" \/><\/a><\/p>\n<ul>\n<li><em>Les Enfants de la Mer , Les peintres de la C\u00f4te d&rsquo;Opale<\/em>, Maison du Port, Etaples-sur-mer, D\u00e9partement du Pas-de-Calais,\u00a0\u00a0du 26 juin au 28 novembre 2021\u00a0\u00a0: <strong>commissaire g\u00e9n\u00e9ral<\/strong>.<\/li>\n<\/ul>\n<p><a href=\"http:\/\/yann-gobert-sergent.com\/wp-content\/uploads\/2021\/10\/affiche-enfants-de-la-mer.jpg\"><img loading=\"lazy\" decoding=\"async\" class=\"  wp-image-180 aligncenter\" src=\"http:\/\/yann-gobert-sergent.com\/wp-content\/uploads\/2021\/10\/affiche-enfants-de-la-mer-205x300.jpg\" alt=\"affiche enfants de la mer\" width=\"213\" height=\"312\" srcset=\"https:\/\/yann-gobert-sergent.com\/wp-content\/uploads\/2021\/10\/affiche-enfants-de-la-mer-205x300.jpg 205w, https:\/\/yann-gobert-sergent.com\/wp-content\/uploads\/2021\/10\/affiche-enfants-de-la-mer.jpg 512w\" sizes=\"auto, (max-width: 213px) 100vw, 213px\" \/><\/a><\/p>\n<ul>\n<li><em>Valadon et ses contemporaines<\/em>, Monast\u00e8re royal de Brou, Bourg-en-Bresse,\u00a0\u00a0du 19 mai au\u00a05 septembre 2021 : <strong>r\u00e9dacteur de la notice de Virginie Demont-Breton<\/strong>.<\/li>\n<\/ul>\n<p><a href=\"http:\/\/yann-gobert-sergent.com\/wp-content\/uploads\/2021\/10\/affiche-valadon.jpg\"><img loading=\"lazy\" decoding=\"async\" class=\"  wp-image-186 aligncenter\" src=\"http:\/\/yann-gobert-sergent.com\/wp-content\/uploads\/2021\/10\/affiche-valadon-212x300.jpg\" alt=\"affiche valadon\" width=\"213\" height=\"301\" srcset=\"https:\/\/yann-gobert-sergent.com\/wp-content\/uploads\/2021\/10\/affiche-valadon-212x300.jpg 212w, https:\/\/yann-gobert-sergent.com\/wp-content\/uploads\/2021\/10\/affiche-valadon.jpg 622w\" sizes=\"auto, (max-width: 213px) 100vw, 213px\" \/><\/a><\/p>\n<ul>\n<li><em>Intimit\u00e9(s) : Les peintres de la C\u00f4te d&rsquo;Opale<\/em>,\u00a0 Maison du Port, Etaples-sur-mer, D\u00e9partement du Pas-de-Calais,\u00a0\u00a0du\u00a0<span class=\"tribe-event-date-start\">25 juillet 2020<\/span>\u00a0au\u00a0<span class=\"tribe-event-date-end\">29 novembre 2020 : <strong>r\u00e9dacteur et conseiller scientifique<\/strong>.<\/span><\/li>\n<\/ul>\n<p><a href=\"http:\/\/yann-gobert-sergent.com\/wp-content\/uploads\/2021\/10\/affiche-intimit\u00e9s.jpg\"><img loading=\"lazy\" decoding=\"async\" class=\"  wp-image-182 aligncenter\" src=\"http:\/\/yann-gobert-sergent.com\/wp-content\/uploads\/2021\/10\/affiche-intimit\u00e9s-214x300.jpg\" alt=\"affiche intimit\u00e9s\" width=\"213\" height=\"298\" srcset=\"https:\/\/yann-gobert-sergent.com\/wp-content\/uploads\/2021\/10\/affiche-intimit\u00e9s-214x300.jpg 214w, https:\/\/yann-gobert-sergent.com\/wp-content\/uploads\/2021\/10\/affiche-intimit\u00e9s.jpg 564w\" sizes=\"auto, (max-width: 213px) 100vw, 213px\" \/><\/a><\/p>\n<ul>\n<li><em>Visages de Terre et de Mer, Regards de peintres \u00e0 Wissant \u00e0 la fin du 19\u00e8me si\u00e8cle<\/em>, \u00a0Maison du Port, Etaples-sur-mer, D\u00e9partement du Pas-de-Calais,\u00a0\u00a0du\u00a020 septembre<span class=\"tribe-event-date-start\">\u00a02014<\/span>\u00a0au\u00a020 janvier 2015\u00a0\u00a0: <strong>conseiller scientifique<\/strong>.<\/li>\n<\/ul>\n<p><a href=\"http:\/\/yann-gobert-sergent.com\/wp-content\/uploads\/2021\/10\/affiche-terre-et-mer.jpg\"><img loading=\"lazy\" decoding=\"async\" class=\"  wp-image-184 aligncenter\" src=\"http:\/\/yann-gobert-sergent.com\/wp-content\/uploads\/2021\/10\/affiche-terre-et-mer-222x300.jpg\" alt=\"affiche terre et mer\" width=\"213\" height=\"288\" srcset=\"https:\/\/yann-gobert-sergent.com\/wp-content\/uploads\/2021\/10\/affiche-terre-et-mer-222x300.jpg 222w, https:\/\/yann-gobert-sergent.com\/wp-content\/uploads\/2021\/10\/affiche-terre-et-mer.jpg 497w\" sizes=\"auto, (max-width: 213px) 100vw, 213px\" \/><\/a><\/p>\n<p style=\"text-align: center;\">\n","protected":false},"excerpt":{"rendered":"<p>Expositions\u00a0et\u00a0commissariats Les femmes artistes de la C\u00f4te d&rsquo;Opale (1880-1930) &#8211;\u00a0Maison du Port d\u00e9partemental, Etaples-sur-mer, D\u00e9partement du Pas-de-Calais,\u00a0\u00a0du 29 juin au 17 novembre 2024\u00a0 : commissaire g\u00e9n\u00e9ral. Eug\u00e8ne Chigot &#8211; peintre de la C\u00f4te d&rsquo;Opale,\u00a0Maison du Port, Etaples-sur-mer, D\u00e9partement du Pas-de-Calais,\u00a0\u00a0du 24 juin au 31 d\u00e9cembre 2023 : r\u00e9dacteur et conseiller scientifique. Fernand Sti\u00e9venart et Juliette &hellip; <a href=\"https:\/\/yann-gobert-sergent.com\/index.php\/expositions\/\" class=\"more-link\">Continuer la lecture de <span class=\"screen-reader-text\">Expositions<\/span> <span class=\"meta-nav\">&rarr;<\/span><\/a><\/p>\n","protected":false},"author":1,"featured_media":0,"parent":0,"menu_order":0,"comment_status":"closed","ping_status":"closed","template":"","meta":{"footnotes":""},"class_list":["post-148","page","type-page","status-publish","hentry"],"_links":{"self":[{"href":"https:\/\/yann-gobert-sergent.com\/index.php\/wp-json\/wp\/v2\/pages\/148","targetHints":{"allow":["GET"]}}],"collection":[{"href":"https:\/\/yann-gobert-sergent.com\/index.php\/wp-json\/wp\/v2\/pages"}],"about":[{"href":"https:\/\/yann-gobert-sergent.com\/index.php\/wp-json\/wp\/v2\/types\/page"}],"author":[{"embeddable":true,"href":"https:\/\/yann-gobert-sergent.com\/index.php\/wp-json\/wp\/v2\/users\/1"}],"replies":[{"embeddable":true,"href":"https:\/\/yann-gobert-sergent.com\/index.php\/wp-json\/wp\/v2\/comments?post=148"}],"version-history":[{"count":21,"href":"https:\/\/yann-gobert-sergent.com\/index.php\/wp-json\/wp\/v2\/pages\/148\/revisions"}],"predecessor-version":[{"id":220,"href":"https:\/\/yann-gobert-sergent.com\/index.php\/wp-json\/wp\/v2\/pages\/148\/revisions\/220"}],"wp:attachment":[{"href":"https:\/\/yann-gobert-sergent.com\/index.php\/wp-json\/wp\/v2\/media?parent=148"}],"curies":[{"name":"wp","href":"https:\/\/api.w.org\/{rel}","templated":true}]}}